{"id":145,"date":"2023-01-11T21:41:36","date_gmt":"2023-01-11T21:41:36","guid":{"rendered":"https:\/\/omegasolutionsrl.com\/?page_id=145"},"modified":"2024-12-02T22:13:41","modified_gmt":"2024-12-02T22:13:41","slug":"chi-siamo","status":"publish","type":"page","link":"https:\/\/omegasolutionsrl.com\/index.php\/chi-siamo\/","title":{"rendered":"Chi siamo"},"content":{"rendered":"<p>[et_pb_section fb_built=&#8221;1&#8243; admin_label=&#8221;Sezione&#8221; _builder_version=&#8221;4.16&#8243; _module_preset=&#8221;default&#8221; use_background_color_gradient=&#8221;on&#8221; background_color_gradient_stops=&#8221;#e1001a 0%|#e1001a 100%&#8221; background_color_gradient_overlays_image=&#8221;on&#8221; background_color_gradient_start=&#8221;#e1001a&#8221; background_color_gradient_end=&#8221;#e1001a&#8221; background_image=&#8221;https:\/\/omegasolutionsrl.com\/wp-content\/uploads\/2022\/12\/Realizzazioni-Impianti-elettrici-nord-italia.jpg&#8221; global_colors_info=&#8221;{%22gcid-7833056c-61c7-4326-9e9e-a70ee270664f%22:%91%93,%22gcid-86d60822-3ad2-4b56-954d-adfd90f44a0d%22:%91%93,%22gcid-e07d9b99-e9fa-479f-8e57-4edf7afc5627%22:%91%93,%22gcid-00b074b7-275a-41d9-97d0-0f71d85b0ea6%22:%91%22colorStart%22,%22colorEnd%22%93}&#8221;][et_pb_row _builder_version=&#8221;4.16&#8243; _module_preset=&#8221;default&#8221; custom_padding=&#8221;3vw||3vw||true|false&#8221; global_colors_info=&#8221;{}&#8221;][et_pb_column type=&#8221;4_4&#8243; _builder_version=&#8221;4.16&#8243; _module_preset=&#8221;default&#8221; global_colors_info=&#8221;{}&#8221;][et_pb_text _builder_version=&#8221;4.23&#8243; _dynamic_attributes=&#8221;content&#8221; _module_preset=&#8221;default&#8221; text_font=&#8221;Sora|700|||||||&#8221; text_text_color=&#8221;#FFFFFF&#8221; text_font_size=&#8221;64px&#8221; text_orientation=&#8221;center&#8221; text_font_size_tablet=&#8221;64px&#8221; text_font_size_phone=&#8221;55px&#8221; text_font_size_last_edited=&#8221;on|phone&#8221; global_colors_info=&#8221;{}&#8221; content__hover_enabled=&#8221;off|desktop&#8221;]@ET-DC@eyJkeW5hbWljIjp0cnVlLCJjb250ZW50IjoicG9zdF90aXRsZSIsInNldHRpbmdzIjp7ImJlZm9yZSI6IiIsImFmdGVyIjoiIn19@[\/et_pb_text][dipl_breadcrumb breadcrumb_layout=&#8221;layout2&#8243; link_target=&#8221;on&#8221; separator_type=&#8221;icon_separator&#8221; separator_icon=&#8221;&#x39;||divi||400&#8243; separator_color=&#8221;#FFFFFF&#8221; admin_label=&#8221;DP Breadcrumbs&#8221; _builder_version=&#8221;4.16&#8243; _module_preset=&#8221;default&#8221; global_text_settings_text_align=&#8221;center&#8221; text_font=&#8221;Sora||||||||&#8221; text_text_color=&#8221;#FFFFFF&#8221; global_colors_info=&#8221;{}&#8221;][\/dipl_breadcrumb][\/et_pb_column][\/et_pb_row][\/et_pb_section][et_pb_section fb_built=&#8221;1&#8243; admin_label=&#8221;Sezione&#8221; _builder_version=&#8221;4.16&#8243; _module_preset=&#8221;default&#8221; background_color=&#8221;gcid-6ffe9ea3-3343-4c6b-bbac-daff4d548be0&#8243; custom_margin=&#8221;-50px||||false|false&#8221; custom_padding=&#8221;0px||0px||true|false&#8221; global_colors_info=&#8221;{%22gcid-6ffe9ea3-3343-4c6b-bbac-daff4d548be0%22:%91%22background_color%22%93,%22gcid-00b074b7-275a-41d9-97d0-0f71d85b0ea6%22:%91%93}&#8221;][et_pb_row _builder_version=&#8221;4.16&#8243; _module_preset=&#8221;default&#8221; z_index=&#8221;0&#8243; custom_padding=&#8221;0px||0px||true|false&#8221; global_colors_info=&#8221;{}&#8221;][et_pb_column type=&#8221;4_4&#8243; _builder_version=&#8221;4.16&#8243; _module_preset=&#8221;default&#8221; global_colors_info=&#8221;{}&#8221;][et_pb_image src=&#8221;https:\/\/omegasolutionsrl.com\/wp-content\/uploads\/2023\/01\/X.png&#8221; alt=&#8221;Omega Solution Impianti elettrici nord italia&#8221; title_text=&#8221;Omega Solution Impianti elettrici nord italia&#8221; _builder_version=&#8221;4.16&#8243; _module_preset=&#8221;default&#8221; background_enable_color=&#8221;off&#8221; background_enable_image=&#8221;off&#8221; width=&#8221;17%&#8221; module_alignment=&#8221;right&#8221; custom_margin=&#8221;-90px||||false|false&#8221; scroll_horizontal_motion_enable=&#8221;on&#8221; motion_trigger_start=&#8221;bottom&#8221; border_radii=&#8221;on|1000px|1000px|1000px|1000px&#8221; border_width_all=&#8221;10px&#8221; border_color_all=&#8221;gcid-6ffe9ea3-3343-4c6b-bbac-daff4d548be0&#8243; global_colors_info=&#8221;{%22gcid-6ffe9ea3-3343-4c6b-bbac-daff4d548be0%22:%91%22border_color_all%22%93}&#8221;][\/et_pb_image][\/et_pb_column][\/et_pb_row][\/et_pb_section][et_pb_section fb_built=&#8221;1&#8243; admin_label=&#8221;Sezione&#8221; _builder_version=&#8221;4.16&#8243; background_enable_color=&#8221;off&#8221; use_background_color_gradient=&#8221;on&#8221; background_color_gradient_stops=&#8221;#c4c4c4 0%|#878787 100%&#8221; background_color_gradient_start=&#8221;#c4c4c4&#8243; background_color_gradient_end=&#8221;#878787&#8243; custom_margin=&#8221;||||false|false&#8221; custom_padding=&#8221;0px||200px||false|false&#8221; top_divider_color=&#8221;gcid-00b074b7-275a-41d9-97d0-0f71d85b0ea6&#8243; top_divider_height=&#8221;191px&#8221; top_divider_repeat=&#8221;2x&#8221; bottom_divider_flip=&#8221;vertical&#8221; global_colors_info=&#8221;{%22gcid-00b074b7-275a-41d9-97d0-0f71d85b0ea6%22:%91%22top_divider_color%22%93}&#8221;][et_pb_row column_structure=&#8221;1_2,1_2&#8243; use_custom_gutter=&#8221;on&#8221; gutter_width=&#8221;2&#8243; make_equal=&#8221;on&#8221; _builder_version=&#8221;4.16&#8243; width=&#8221;90%&#8221; width_tablet=&#8221;90%&#8221; width_phone=&#8221;90%&#8221; width_last_edited=&#8221;on|desktop&#8221; max_width=&#8221;1170px&#8221; max_width_tablet=&#8221;90%&#8221; max_width_phone=&#8221;90%&#8221; max_width_last_edited=&#8221;on|phone&#8221; custom_margin=&#8221;|||&#8221; custom_padding=&#8221;100px||100px||true|false&#8221; global_colors_info=&#8221;{}&#8221;][et_pb_column type=&#8221;1_2&#8243; _builder_version=&#8221;4.16&#8243; custom_padding=&#8221;|||&#8221; global_colors_info=&#8221;{}&#8221; custom_padding__hover=&#8221;|||&#8221;][et_pb_text _builder_version=&#8221;4.16&#8243; header_3_font=&#8221;Sora|700|||||||&#8221; header_3_text_align=&#8221;left&#8221; header_3_text_color=&#8221;#170607&#8243; header_3_font_size=&#8221;35px&#8221; header_3_letter_spacing=&#8221;-1px&#8221; header_3_line_height=&#8221;1.3em&#8221; header_3_font_size_tablet=&#8221;35px&#8221; header_3_font_size_phone=&#8221;30px&#8221; header_3_font_size_last_edited=&#8221;on|phone&#8221; global_colors_info=&#8221;{}&#8221;]<\/p>\n<h3>La societ\u00e0 OMEGA SOLUTION SRL nasce nel settembre 2019 da un\u2019idea ambiziosa.<\/h3>\n<p>[\/et_pb_text][et_pb_text _builder_version=&#8221;4.16&#8243; text_font=&#8221;Sora|300|||||||&#8221; text_text_color=&#8221;#170607&#8243; text_font_size=&#8221;18px&#8221; text_line_height=&#8221;1.6em&#8221; custom_margin=&#8221;25px||||false|false&#8221; global_colors_info=&#8221;{}&#8221;]<\/p>\n<p>Una ditta giovane, amministrata da menti giovani e composta da una forza lavoro <br \/>altrettanto giovane che credono in un progetto \u201cuncoventional\u201d sulla realizzazione degli <br \/>impianti elettrici. Puntando soprattutto sulla qualit\u00e0 dei servizi, al rapporto umano con le<br \/>persone con le quali si entra a contatto, con i propri dipendenti e fornitori.<br \/>Crediamo fortemente che la fidelizzazione del cliente deve essere rivolta ad una crescita <br \/>costante e reciproca, abbattendo gli sprechi e costruendo soluzioni su misura.<\/p>\n<p>[\/et_pb_text][\/et_pb_column][et_pb_column type=&#8221;1_2&#8243; _builder_version=&#8221;4.16&#8243; custom_padding=&#8221;37px||||false|false&#8221; custom_padding_tablet=&#8221;20px||||false|false&#8221; custom_padding_phone=&#8221;10px||||false|false&#8221; custom_padding_last_edited=&#8221;on|phone&#8221; global_colors_info=&#8221;{}&#8221; custom_padding__hover=&#8221;|||&#8221;][et_pb_image src=&#8221;https:\/\/omegasolutionsrl.com\/wp-content\/uploads\/2023\/11\/Elettricisti-specializzati-impianti-industriali-e-domestici-italia-2.jpeg&#8221; alt=&#8221;Elettricisti specializzati impianti industriali e domestici italia -2&#8243; title_text=&#8221;Elettricisti specializzati impianti industriali e domestici italia -2&#8243; show_bottom_space=&#8221;off&#8221; align_tablet=&#8221;center&#8221; align_phone=&#8221;&#8221; align_last_edited=&#8221;on|desktop&#8221; admin_label=&#8221;Immagine&#8221; _builder_version=&#8221;4.23.1&#8243; max_width=&#8221;500px&#8221; max_width_tablet=&#8221;100%&#8221; max_width_phone=&#8221;100%&#8221; max_width_last_edited=&#8221;on|desktop&#8221; custom_padding=&#8221;||200px|0px|false|false&#8221; custom_padding_tablet=&#8221;|||0px&#8221; custom_padding_phone=&#8221;|||0px&#8221; custom_padding_last_edited=&#8221;off|desktop&#8221; border_radii=&#8221;off|1000px|1000px|1000px|1000px&#8221; border_width_all=&#8221;10px&#8221; border_color_all=&#8221;gcid-00b074b7-275a-41d9-97d0-0f71d85b0ea6&#8243; global_colors_info=&#8221;{%22gcid-a397fefc-b16b-483b-9b47-d5b02f9b658c%22:%91%93,%22gcid-00b074b7-275a-41d9-97d0-0f71d85b0ea6%22:%91%22border_color_all%22%93}&#8221;][\/et_pb_image][\/et_pb_column][\/et_pb_row][\/et_pb_section][et_pb_section fb_built=&#8221;1&#8243; admin_label=&#8221;Sezione&#8221; _builder_version=&#8221;4.16&#8243; _module_preset=&#8221;default&#8221; background_color=&#8221;#FFFFFF&#8221; custom_margin=&#8221;-50px||||false|false&#8221; custom_padding=&#8221;0px||0px||true|false&#8221; global_colors_info=&#8221;{%22gcid-6ffe9ea3-3343-4c6b-bbac-daff4d548be0%22:%91%93,%22gcid-00b074b7-275a-41d9-97d0-0f71d85b0ea6%22:%91%93}&#8221;][et_pb_row _builder_version=&#8221;4.16&#8243; _module_preset=&#8221;default&#8221; z_index=&#8221;0&#8243; module_alignment=&#8221;left&#8221; custom_padding=&#8221;0px||0px||true|false&#8221; global_colors_info=&#8221;{}&#8221;][et_pb_column type=&#8221;4_4&#8243; _builder_version=&#8221;4.16&#8243; _module_preset=&#8221;default&#8221; global_colors_info=&#8221;{}&#8221;][et_pb_image src=&#8221;https:\/\/omegasolutionsrl.com\/wp-content\/uploads\/2023\/01\/X.png&#8221; alt=&#8221;Omega Solution Impianti elettrici nord italia&#8221; title_text=&#8221;Omega Solution Impianti elettrici nord italia&#8221; _builder_version=&#8221;4.16&#8243; _module_preset=&#8221;default&#8221; background_enable_color=&#8221;off&#8221; background_enable_image=&#8221;off&#8221; width=&#8221;17%&#8221; module_alignment=&#8221;right&#8221; custom_margin=&#8221;-90px||||false|false&#8221; scroll_horizontal_motion_enable=&#8221;on&#8221; motion_trigger_start=&#8221;top&#8221; border_radii=&#8221;on|1000px|1000px|1000px|1000px&#8221; border_width_all=&#8221;10px&#8221; border_color_all=&#8221;#FFFFFF&#8221; global_colors_info=&#8221;{%22gcid-6ffe9ea3-3343-4c6b-bbac-daff4d548be0%22:%91%93}&#8221;][\/et_pb_image][\/et_pb_column][\/et_pb_row][\/et_pb_section][et_pb_section fb_built=&#8221;1&#8243; specialty=&#8221;on&#8221; _builder_version=&#8221;4.23.1&#8243; _module_preset=&#8221;default&#8221; global_colors_info=&#8221;{}&#8221;][et_pb_column type=&#8221;1_2&#8243; _builder_version=&#8221;4.16&#8243; custom_padding=&#8221;|||&#8221; global_colors_info=&#8221;{}&#8221; custom_padding__hover=&#8221;|||&#8221;][et_pb_text _builder_version=&#8221;4.23.1&#8243; header_3_font=&#8221;Sora|700|||||||&#8221; header_3_text_align=&#8221;left&#8221; header_3_text_color=&#8221;#170607&#8243; header_3_font_size=&#8221;35px&#8221; header_3_letter_spacing=&#8221;-1px&#8221; header_3_line_height=&#8221;1.3em&#8221; header_3_font_size_tablet=&#8221;35px&#8221; header_3_font_size_phone=&#8221;30px&#8221; header_3_font_size_last_edited=&#8221;on|phone&#8221; global_colors_info=&#8221;{}&#8221;]<\/p>\n<h3 style=\"text-align: center;\">Alcuni progetti che abbiamo realizzato negli ultimi anni.<\/h3>\n<p>[\/et_pb_text][et_pb_text _builder_version=&#8221;4.23.1&#8243; text_font=&#8221;Sora|300|||||||&#8221; text_text_color=&#8221;#170607&#8243; text_font_size=&#8221;18px&#8221; text_line_height=&#8221;1.6em&#8221; custom_margin=&#8221;25px||0px||false|false&#8221; global_colors_info=&#8221;{}&#8221;]<\/p>\n<p><span>Siamo orgogliosi di presentare una gallery di foto e video che mostrano alcuni dei progetti che abbiamo realizzato con successo. Queste immagini e video testimoniano la nostra competenza, professionalit\u00e0 e dedizione nel fornire soluzioni di alta qualit\u00e0 ai nostri clienti. Abbiamo completato con successo progetti di varie dimensioni e complessit\u00e0, dimostrando la nostra capacit\u00e0 di adattarci alle esigenze specifiche dei nostri clienti. Sfoglia la nostra gallery per vedere alcuni dei nostri lavori pi\u00f9 recenti e scoprire come possiamo aiutarti a realizzare i tuoi obiettivi.<\/span><\/p>\n<p><span>avoriamo in stretta collaborazione con i nostri clienti per comprendere appieno le loro esigenze e offrire soluzioni personalizzate che superino le loro aspettative.<\/span><span><\/span><\/p>\n<p><span><\/span><\/p>\n<p>[\/et_pb_text][et_pb_video src=&#8221;https:\/\/omegasolutionsrl.com\/wp-content\/uploads\/2023\/01\/IMG_2153.mp4&#8243; play_icon_color=&#8221;RGBA(0,0,0,0)&#8221; use_icon_font_size=&#8221;on&#8221; icon_font_size=&#8221;1px&#8221; module_class=&#8221;lwp-video-autoplay&#8221; _builder_version=&#8221;4.23.1&#8243; _module_preset=&#8221;default&#8221; max_width=&#8221;100%&#8221; max_width_tablet=&#8221;50%&#8221; max_width_phone=&#8221;100%&#8221; max_width_last_edited=&#8221;on|desktop&#8221; module_alignment=&#8221;center&#8221; custom_margin=&#8221;0px|0px|0px|0px|false|false&#8221; custom_padding=&#8221;0px|0px|0px|0px|false|false&#8221; border_radii=&#8221;on|10px|10px|10px|10px&#8221; global_colors_info=&#8221;{}&#8221;][\/et_pb_video][\/et_pb_column][et_pb_column type=&#8221;1_2&#8243; specialty_columns=&#8221;2&#8243; _builder_version=&#8221;4.16&#8243; custom_padding=&#8221;|||&#8221; global_colors_info=&#8221;{}&#8221; custom_padding__hover=&#8221;|||&#8221;][et_pb_row_inner column_structure=&#8221;1_2,1_2&#8243; use_custom_gutter=&#8221;on&#8221; gutter_width=&#8221;2&#8243; _builder_version=&#8221;4.23.1&#8243; _module_preset=&#8221;default&#8221; custom_margin=&#8221;0px||0px||false|false&#8221; custom_padding=&#8221;0px||||false|false&#8221; global_colors_info=&#8221;{}&#8221;][et_pb_column_inner type=&#8221;1_2&#8243; saved_specialty_column_type=&#8221;1_2&#8243; _builder_version=&#8221;4.23.1&#8243; _module_preset=&#8221;default&#8221; global_colors_info=&#8221;{}&#8221;][et_pb_video src=&#8221;https:\/\/omegasolutionsrl.com\/wp-content\/uploads\/2024\/11\/Omega-Solution-impianti-elettrici-abitazioni.mp4&#8243; module_class=&#8221;lwp-video-autoplay&#8221; _builder_version=&#8221;4.27.3&#8243; _module_preset=&#8221;default&#8221; border_radii=&#8221;on|10px|10px|10px|10px&#8221; global_colors_info=&#8221;{}&#8221;][\/et_pb_video][\/et_pb_column_inner][et_pb_column_inner type=&#8221;1_2&#8243; saved_specialty_column_type=&#8221;1_2&#8243; _builder_version=&#8221;4.23.1&#8243; _module_preset=&#8221;default&#8221; global_colors_info=&#8221;{}&#8221;][et_pb_video src=&#8221;https:\/\/omegasolutionsrl.com\/wp-content\/uploads\/2023\/11\/Elettricisti-specializzati-per-realizzazione-impianti-industriali.mp4&#8243; module_class=&#8221;lwp-video-autoplay&#8221; _builder_version=&#8221;4.23.1&#8243; _module_preset=&#8221;default&#8221; border_radii=&#8221;on|10px|10px|10px|10px&#8221; global_colors_info=&#8221;{}&#8221;][\/et_pb_video][\/et_pb_column_inner][\/et_pb_row_inner][et_pb_row_inner column_structure=&#8221;1_2,1_2&#8243; use_custom_gutter=&#8221;on&#8221; gutter_width=&#8221;2&#8243; _builder_version=&#8221;4.23.1&#8243; _module_preset=&#8221;default&#8221; custom_margin=&#8221;0px|0px|0px|0px|false|false&#8221; custom_padding=&#8221;0px|0px|0px|0px|false|false&#8221; global_colors_info=&#8221;{}&#8221;][et_pb_column_inner type=&#8221;1_2&#8243; saved_specialty_column_type=&#8221;1_2&#8243; _builder_version=&#8221;4.23.1&#8243; _module_preset=&#8221;default&#8221; global_colors_info=&#8221;{}&#8221;][et_pb_video src=&#8221;https:\/\/omegasolutionsrl.com\/wp-content\/uploads\/2024\/10\/Omega-Solution-Impianti-fotovoltaici-industriali.mp4&#8243; module_class=&#8221;lwp-video-autoplay&#8221; _builder_version=&#8221;4.27.2&#8243; _module_preset=&#8221;default&#8221; border_radii=&#8221;on|10px|10px|10px|10px&#8221; global_colors_info=&#8221;{}&#8221;][\/et_pb_video][\/et_pb_column_inner][et_pb_column_inner type=&#8221;1_2&#8243; saved_specialty_column_type=&#8221;1_2&#8243; _builder_version=&#8221;4.23.1&#8243; _module_preset=&#8221;default&#8221; global_colors_info=&#8221;{}&#8221;][et_pb_video src=&#8221;https:\/\/omegasolutionsrl.com\/wp-content\/uploads\/2024\/11\/Omega-Solution-impianti-civili.mp4&#8243; module_class=&#8221;lwp-video-autoplay&#8221; _builder_version=&#8221;4.27.3&#8243; _module_preset=&#8221;default&#8221; border_radii=&#8221;on|10px|10px|10px|10px&#8221; global_colors_info=&#8221;{}&#8221;][\/et_pb_video][\/et_pb_column_inner][\/et_pb_row_inner][\/et_pb_column][\/et_pb_section][et_pb_section fb_built=&#8221;1&#8243; _builder_version=&#8221;4.23&#8243; _module_preset=&#8221;default&#8221; custom_margin=&#8221;0px||0px||false|false&#8221; custom_padding=&#8221;0px||0px||false|false&#8221; global_module=&#8221;1163&#8243; saved_tabs=&#8221;all&#8221; global_colors_info=&#8221;{}&#8221;][et_pb_row _builder_version=&#8221;4.23&#8243; _module_preset=&#8221;default&#8221; width=&#8221;100%&#8221; max_width=&#8221;1920px&#8221; custom_margin=&#8221;||0px||false|false&#8221; custom_padding=&#8221;||0px||false|false&#8221; global_colors_info=&#8221;{}&#8221;][et_pb_column type=&#8221;4_4&#8243; _builder_version=&#8221;4.23&#8243; _module_preset=&#8221;default&#8221; global_colors_info=&#8221;{}&#8221;][dipl_masonry_gallery image_ids=&#8221;878,883,1147,1150,886,877,876,879,1148,1149,1154,1153,1151,875,1141,1157&#8243; column_spacing=&#8221;10px&#8221; image_size=&#8221;full&#8221; number_of_columns_tablet=&#8221;&#8221; number_of_columns_phone=&#8221;2&#8243; number_of_columns_last_edited=&#8221;on|phone&#8221; _builder_version=&#8221;4.27.4&#8243; _module_preset=&#8221;default&#8221; hover_enabled=&#8221;0&#8243; global_colors_info=&#8221;{}&#8221; sticky_enabled=&#8221;0&#8243;][\/dipl_masonry_gallery][\/et_pb_column][\/et_pb_row][\/et_pb_section][et_pb_section fb_built=&#8221;1&#8243; disabled_on=&#8221;on|on|on&#8221; _builder_version=&#8221;4.23&#8243; _module_preset=&#8221;default&#8221; disabled=&#8221;on&#8221; global_colors_info=&#8221;{}&#8221;][et_pb_row _builder_version=&#8221;4.16&#8243; _module_preset=&#8221;default&#8221; width=&#8221;100%&#8221; max_width=&#8221;100%&#8221; custom_margin=&#8221;|0px||0px|false|false&#8221; custom_padding=&#8221;|0px||0px|false|false&#8221; global_colors_info=&#8221;{}&#8221;][et_pb_column type=&#8221;4_4&#8243; _builder_version=&#8221;4.16&#8243; _module_preset=&#8221;default&#8221; global_colors_info=&#8221;{}&#8221;][dipl_tabs tab_trigger=&#8221;click&#8221; fullwidth_tabs=&#8221;on&#8221; active_tab_background_color=&#8221;gcid-00b074b7-275a-41d9-97d0-0f71d85b0ea6&#8243; tab_background_color=&#8221;gcid-6ffe9ea3-3343-4c6b-bbac-daff4d548be0&#8243; _builder_version=&#8221;4.16&#8243; _module_preset=&#8221;default&#8221; title_text_color=&#8221;#FFFFFF&#8221; active_title_font=&#8221;||||||||double&#8221; custom_margin_tablet=&#8221;|0px||0px|false|false&#8221; custom_margin_phone=&#8221;&#8221; custom_margin_last_edited=&#8221;on|tablet&#8221; custom_padding=&#8221;||||false|false&#8221; global_colors_info=&#8221;{%22gcid-00b074b7-275a-41d9-97d0-0f71d85b0ea6%22:%91%22active_tab_background_color%22%93,%22gcid-6ffe9ea3-3343-4c6b-bbac-daff4d548be0%22:%91%22tab_background_color%22%93,%22gcid-a397fefc-b16b-483b-9b47-d5b02f9b658c%22:%91%93}&#8221;][dipl_tabs_item content_type=&#8221;dipl_content_layout&#8221; select_content_layout=&#8221;893&#8243; title=&#8221;Impianti elettrici&#8221; tab_custom_padding=&#8221;30px|0px|30px|0px|true|false&#8221; tab_custom_margin=&#8221;|||20vw|false|false&#8221; tab_custom_margin_tablet=&#8221;|||2vw|false|false&#8221; tab_custom_margin_phone=&#8221;|||0vw|false|false&#8221; tab_custom_margin_last_edited=&#8221;on|phone&#8221; _builder_version=&#8221;4.16&#8243; _module_preset=&#8221;default&#8221; width=&#8221;100%&#8221; max_width=&#8221;100%&#8221; custom_margin=&#8221;||||false|false&#8221; custom_padding=&#8221;||||false|false&#8221; border_radii_tab=&#8221;on|20px|20px|20px|20px&#8221; border_width_all_tab=&#8221;10px&#8221; border_color_all_tab=&#8221;#FFFFFF&#8221; border_color_right_tab=&#8221;#FFFFFF&#8221; border_radii_tab_tablet=&#8221;&#8221; border_radii_tab_phone=&#8221;on||||&#8221; border_radii_tab_last_edited=&#8221;on|phone&#8221; global_colors_info=&#8221;{}&#8221;][\/dipl_tabs_item][dipl_tabs_item content_type=&#8221;dipl_content_layout&#8221; select_content_layout=&#8221;893&#8243; title=&#8221;Impianti di cogenerazione&#8221; tab_custom_padding=&#8221;30px||30px||true|false&#8221; tab_custom_margin=&#8221;|||10px|false|false&#8221; tab_custom_margin_tablet=&#8221;&#8221; tab_custom_margin_phone=&#8221;|||0px|false|false&#8221; tab_custom_margin_last_edited=&#8221;on|phone&#8221; _builder_version=&#8221;4.16&#8243; _module_preset=&#8221;default&#8221; width=&#8221;100%&#8221; max_width=&#8221;100%&#8221; custom_margin=&#8221;||||false|false&#8221; custom_padding=&#8221;||||false|false&#8221; border_radii_tab=&#8221;on|20px|20px|20px|20px&#8221; border_width_all_tab=&#8221;10px&#8221; border_color_all_tab=&#8221;#FFFFFF&#8221; border_color_right_tab=&#8221;#FFFFFF&#8221; global_colors_info=&#8221;{}&#8221;][\/dipl_tabs_item][dipl_tabs_item content_type=&#8221;dipl_content_layout&#8221; select_content_layout=&#8221;893&#8243; title=&#8221;impianti fotovoltaici&#8221; tab_custom_padding=&#8221;30px||30px||true|false&#8221; tab_custom_margin=&#8221;|||10px|false|false&#8221; tab_custom_padding_tablet=&#8221;&#8221; tab_custom_padding_phone=&#8221;30px||30px||true|false&#8221; tab_custom_padding_last_edited=&#8221;on|desktop&#8221; tab_custom_margin_tablet=&#8221;&#8221; tab_custom_margin_phone=&#8221;|||0px|false|false&#8221; tab_custom_margin_last_edited=&#8221;on|phone&#8221; _builder_version=&#8221;4.16&#8243; _module_preset=&#8221;default&#8221; width=&#8221;100%&#8221; max_width=&#8221;100%&#8221; custom_margin=&#8221;||||false|false&#8221; custom_padding=&#8221;||||false|false&#8221; border_radii_tab=&#8221;on|20px|20px|20px|20px&#8221; border_width_all_tab=&#8221;10px&#8221; border_color_all_tab=&#8221;#FFFFFF&#8221; border_color_right_tab=&#8221;#FFFFFF&#8221; global_colors_info=&#8221;{}&#8221;][\/dipl_tabs_item][dipl_tabs_item content_type=&#8221;dipl_content_layout&#8221; select_content_layout=&#8221;893&#8243; title=&#8221;Automazione industriale&#8221; tab_custom_padding=&#8221;30px||30px||true|false&#8221; tab_custom_margin=&#8221;|||10px|false|false&#8221; tab_custom_margin_tablet=&#8221;&#8221; tab_custom_margin_phone=&#8221;|||0px|false|false&#8221; tab_custom_margin_last_edited=&#8221;on|phone&#8221; _builder_version=&#8221;4.16&#8243; _module_preset=&#8221;default&#8221; width=&#8221;100%&#8221; max_width=&#8221;100%&#8221; custom_margin=&#8221;||||false|false&#8221; custom_padding=&#8221;||||false|false&#8221; border_radii_tab=&#8221;on|20px|20px|20px|20px&#8221; border_width_all_tab=&#8221;10px&#8221; border_color_all_tab=&#8221;#FFFFFF&#8221; border_color_right_tab=&#8221;#FFFFFF&#8221; global_colors_info=&#8221;{}&#8221;][\/dipl_tabs_item][dipl_tabs_item content_type=&#8221;dipl_content_layout&#8221; select_content_layout=&#8221;893&#8243; title=&#8221;costruzioni elettriche&#8221; tab_custom_padding=&#8221;30px||30px||true|false&#8221; tab_custom_margin=&#8221;|||10px|false|false&#8221; tab_custom_margin_tablet=&#8221;&#8221; tab_custom_margin_phone=&#8221;|||0px|false|false&#8221; tab_custom_margin_last_edited=&#8221;on|phone&#8221; _builder_version=&#8221;4.16&#8243; _module_preset=&#8221;default&#8221; width=&#8221;100%&#8221; max_width=&#8221;100%&#8221; custom_margin=&#8221;||||false|false&#8221; custom_padding=&#8221;||||false|false&#8221; border_radii_tab=&#8221;on|20px|20px|20px|20px&#8221; border_width_all_tab=&#8221;10px&#8221; border_color_all_tab=&#8221;#FFFFFF&#8221; border_color_right_tab=&#8221;#FFFFFF&#8221; global_colors_info=&#8221;{}&#8221;][\/dipl_tabs_item][dipl_tabs_item content_type=&#8221;dipl_content_layout&#8221; select_content_layout=&#8221;893&#8243; title=&#8221;impianti MT\/BT&#8221; tab_custom_padding=&#8221;30px||30px||true|false&#8221; tab_custom_margin=&#8221;|20vw||10px|false|false&#8221; tab_custom_margin_tablet=&#8221;|0vw|||false|false&#8221; tab_custom_margin_phone=&#8221;|||0px|false|false&#8221; tab_custom_margin_last_edited=&#8221;on|phone&#8221; _builder_version=&#8221;4.16&#8243; _module_preset=&#8221;default&#8221; width=&#8221;100%&#8221; max_width=&#8221;100%&#8221; custom_margin=&#8221;||||false|false&#8221; custom_padding=&#8221;||||false|false&#8221; border_radii_tab=&#8221;on|20px|20px|20px|20px&#8221; border_width_all_tab=&#8221;10px&#8221; border_color_all_tab=&#8221;#FFFFFF&#8221; border_color_right_tab=&#8221;#FFFFFF&#8221; global_colors_info=&#8221;{}&#8221;][\/dipl_tabs_item][\/dipl_tabs][\/et_pb_column][\/et_pb_row][\/et_pb_section]<\/p>\n","protected":false},"excerpt":{"rendered":"<p><div class=\"et_pb_module dipl_breadcrumb dipl_breadcrumb_0\">\n\t\t\t\t\n\t\t\t\t\n\t\t\t\t\n\t\t\t\t\n\t\t\t\t\n\t\t\t\t\n\t\t\t\t<div class=\"et_pb_module_inner\">\n\t\t\t\t\t<div class=\"dipl-breadcrumb-wrapper layout2\">\n\t\t\t\t\t\t\t\t<ol class=\"dipl-breadcrumb-inner\" vocab=\"https:\/\/schema.org\/\" typeof=\"BreadcrumbList\">\n\t\t\t\t\t\t\t\t\t<li property=\"itemListElement\" typeof=\"ListItem\" data-icon=\"&#x39;\">\n\t\t\t\t\t\t\t\t\t\t\t\t\t    <a class=\"breadcrumb-item dipl-home-page\" href=\"https:\/\/omegasolutionsrl.com\" property=\"item\" typeof=\"WebPage\" target=\"_blank\">\n\t\t\t\t\t\t\t\t\t\t\t\t\t      \t<span class=\"breadcrumb-page\" property=\"name\">Home<\/span>\n\t\t\t\t\t\t\t\t\t\t\t\t\t    <\/a>\n\t\t\t\t\t\t\t\t\t\t\t\t\t    <meta property=\"position\" content=\"1\" \/>\n\t\t\t\t\t\t\t\t\t\t\t\t\t<\/li>\n\t\t\t\t\t\t\t\t<\/ol>\n\t\t\t\t\t\t\t<\/div>\n\t\t\t\t<\/div>\n\t\t\t<\/div>La societ\u00e0 OMEGA SOLUTION SRL nasce nel settembre 2019 da un\u2019idea ambiziosa.Una ditta giovane, amministrata da menti giovani e composta da una forza lavoro altrettanto giovane che credono in un progetto \u201cuncoventional\u201d sulla realizzazione degli impianti elettrici. Puntando soprattutto sulla qualit\u00e0 dei [&hellip;]<\/p>\n","protected":false},"author":1,"featured_media":0,"parent":0,"menu_order":0,"comment_status":"closed","ping_status":"closed","template":"","meta":{"_et_pb_use_builder":"on","_et_pb_old_content":"","_et_gb_content_width":"","footnotes":""},"class_list":["post-145","page","type-page","status-publish","hentry"],"_links":{"self":[{"href":"https:\/\/omegasolutionsrl.com\/index.php\/wp-json\/wp\/v2\/pages\/145","targetHints":{"allow":["GET"]}}],"collection":[{"href":"https:\/\/omegasolutionsrl.com\/index.php\/wp-json\/wp\/v2\/pages"}],"about":[{"href":"https:\/\/omegasolutionsrl.com\/index.php\/wp-json\/wp\/v2\/types\/page"}],"author":[{"embeddable":true,"href":"https:\/\/omegasolutionsrl.com\/index.php\/wp-json\/wp\/v2\/users\/1"}],"replies":[{"embeddable":true,"href":"https:\/\/omegasolutionsrl.com\/index.php\/wp-json\/wp\/v2\/comments?post=145"}],"version-history":[{"count":64,"href":"https:\/\/omegasolutionsrl.com\/index.php\/wp-json\/wp\/v2\/pages\/145\/revisions"}],"predecessor-version":[{"id":1243,"href":"https:\/\/omegasolutionsrl.com\/index.php\/wp-json\/wp\/v2\/pages\/145\/revisions\/1243"}],"wp:attachment":[{"href":"https:\/\/omegasolutionsrl.com\/index.php\/wp-json\/wp\/v2\/media?parent=145"}],"curies":[{"name":"wp","href":"https:\/\/api.w.org\/{rel}","templated":true}]}}